False
Is 10223846 prime?
False
Is 14281811 composite?
False
Is 398687687 a prime number?
True
Is 7674007 prime?
False
Is 43911001 a composite number?
True
Is 77282801 prime?
False
Is 1371031 prime?
True
Is 1862489 composite?
False
Is 131865983 a composite number?
True
Is 156459151 a composite number?
False
Is 26237927 a prime number?
True
Is 48473509 composite?
True
Is 10542199 prime?
True
Is 4333807 a composite number?
True
Is 49218941 composite?
False
Is 681761 a composite number?
True
Is 1675339 a prime number?
True
Is 1160949677 composite?
False
Is 4001891 composite?
False
Is 4138217 prime?
True
Is 2547319 prime?
False
Is 6691307 a composite number?
True
Is 16058461 a prime number?
True
Is 255529093 prime?
True
Is 3725777 a composite number?
True
Is 649331349 prime?
False
Is 56098103 prime?
False
Is 375704557 composite?
False
Is 93959501 a prime number?
True
Is 16464983 composite?
True
Is 1892963 a composite number?
True
Is 19512554 composite?
True
Is 361276463 prime?
False
Is 3215071 prime?
True
Is 28610693 a composite number?
True
Is 79798279 a composite number?
True
Is 2290439 a composite number?
True
Is 509207 a prime number?
False
Is 24928637 a composite number?
False
Is 16807451 prime?
True
Is 12060583 prime?
False
Is 5409043 prime?
False
Is 27227191 a prime number?
True
Is 531547 a composite number?
False
Is 155133523 a composite number?
False
Is 21689323 a prime number?
False
Is 6142067 a prime number?
False
Is 23282767 prime?
False
Is 19437305 prime?
False
Is 17985927 a composite number?
True
Is 412579 prime?
False
Is 474862231 a prime number?
False
Is 2093783 a prime number?
True
Is 59791997 composite?
True
Is 5965241 a composite number?
True
Is 8021729 a prime number?
True
Is 255743 a composite number?
False
Is 25057645 a prime number?
False
Is 12341629 a prime number?
True
Is 8917991 a prime number?
True
Is 14526971 a prime number?
True
Is 36240109 a prime number?
False
Is 286913 prime?
False
Is 163067511 prime?
False
Is 94790141 prime?
False
Is 65141833 prime?
True
Is 290746543 a composite number?
True
Is 8326919 composite?
False
Is 24099721 composite?
True
Is 16348961 a composite number?
True
Is 5457457 a composite number?
True
Is 8552213 a prime number?
True
Is 970253 a prime number?
False
Is 62410609 prime?
True
Is 498619 prime?
False
Is 46958281 prime?
True
Is 495814049 a prime number?
False
Is 87997387 composite?
True
Is 2471611 prime?
True
Is 687804607 a prime number?
False
Is 8353427 a prime number?
True
Is 11626751 composite?
False
Is 7807181 composite?
False
Is 7875551 a composite number?
False
Is 32801339 prime?
True
Is 5736331 a prime number?
False
Is 116320727 composite?
True
Is 12040681 composite?
False
Is 27243121 a prime number?
True
Is 205362767 a prime number?
True
Is 95776607 a prime number?
False
Is 18534463 a composite number?
False
Is 40589309 prime?
True
Is 371831 a prime number?
True
Is 890899 prime?
False
Is 8080141 a prime number?
False
Is 8043037 composite?
True
Is 2768123 composite?
False
Is 85692449 a prime number?
True
Is 25516037 prime?
True
Is 212314561 a composite number?
False
Is 68071 a prime number?
True
Is 361265017 prime?
True
Is 1062469 a composite number?
False
Is 750929 composite?
False
Is 11162009 a composite number?
False
Is 5029707 composite?
True
Is 20999977 a composite number?
False
Is 718188479 prime?
True
Is 3998789 a prime number?
True
Is 4144331 a prime number?
True
Is 7359809 prime?
True
Is 1572798179 composite?
False
Is 5304709 prime?
False
Is 10539667 composite?
True
Is 9809003 composite?
True
Is 8340781 a composite number?
False
Is 189579773 composite?
False
Is 130653267 composite?
True
Is 2263609 composite?
True
Is 21516049 a prime number?
False
Is 11445019 a prime number?
True
Is 10356617 a composite number?
True
Is 78170621 prime?
True
Is 2685947 a prime number?
False
Is 313893563 a composite number?
False
Is 102626911 prime?
False
Is 1447777 prime?
True
Is 129082591 a composite number?
True
Is 37605349 a prime number?
False
Is 699271 a prime number?
True
Is 865681 composite?
False
Is 13557569 a composite number?
False
Is 9176689 composite?
False
Is 576369029 composite?
True
Is 5422115 prime?
False
Is 37944259 prime?
True
Is 26025683 a prime number?
True
Is 101139601 composite?
True
Is 1213217 composite?
True
Is 2994206 composite?
True
Is 392251853 a prime number?
False
Is 58305743 a composite number?
False
Is 7486793 a composite number?
False
Is 146312183 a prime number?
False
Is 13093097 a prime number?
True
Is 214646041 a prime number?
True
Is 8867843 composite?
False
Is 2364991 a prime number?
True
Is 1966213 a composite number?
True
Is 109699329 a composite number?
True
Is 5906315 composite?
True
Is 50083177 composite?
False
Is 21781855 a composite number?
True
Is 1611671 a prime number?
False
Is 4684609 a prime number?
False
Is 64988411 a prime number?
False
Is 167917487 composite?
True
Is 1043009 prime?
False
Is 211804531 composite?
True
Is 725273 composite?
False
Is 59944513 composite?
True
Is 157895413 a composite number?
True
Is 40841035 composite?
True
Is 457785763 a composite number?
True
Is 7581521 prime?
False
Is 853069 prime?
False
Is 40418887 a composite number?
True
Is 111313 prime?
False
Is 1501319 a prime number?
False
Is 760993 a prime number?
True
Is 708677 prime?
False
Is 19921451 prime?
False
Is 147729593 composite?
True
Is 532166447 prime?
True
Is 5678737 a composite number?
False
Is 15257009 composite?
False
Is 433415617 a composite number?
False
Is 341354509 prime?
False
Is 8195771 prime?
False
Is 221724589 a composite number?
False
Is 26524293 composite?
True
Is 109222547 prime?
False
Is 2165869 a prime number?
False
Is 6502423 a prime number?
True
Is 15641 a composite number?
False
Is 10804701 composite?
True
Is 430500127 a prime number?
False
Is 15891079 prime?
False
Is 367429017 composite?
True
Is 23711777 prime?
True
Is 86525063 a composite number?
True
Is 183611 a prime number?
True
Is 126184349 a prime number?
True
Is 156487 composite?
False
Is 177722977 prime?
False
Is 9306733 composite?
False
Is 46800563 prime?
True
Is 510007 composite?
False
Is 40922303 a composite number?
False
Is 15930623 a prime number?
False
Is 8050937 composite?
False
Is 174389 a prime number?
True
Is 93358337 a prime number?
False
Is 15513133 a prime number?
True
Is 13735063 composite?
True
Is 358541 prime?
True
Is 734118337 a prime number?
False
Is 41543171 a prime number?
True
Is 38191269 a prime number?
False
Is 22535521 a composite number?
False
Is 4474877 composite?
True
Is 3963467 a prime number?
True
Is 1762843 a prime number?
True
Is 138457457 prime?
False
Is 362567 a composite number?
True
Is 44715233 a composite number?
True
Is 67095079 composite?
False
Is 4448573 prime?
True
Is 2230441 prime?
False
Is 211570943 a prime number?
True
Is 280389847 a prime number?
True
Is 3625953 a composite number?
True
Is 57056803 composite?
False
Is 2057933 composite?
False
Is 81619067 composite?
True
Is 39879167 a prime number?
True
Is 64178867 a prime number?
False
Is 2513676767 a composite number?
True
Is 22669531 composite?
True
Is 109501333 prime?
True
Is 21564607 a composite number?
False
Is 2376669 composite?
True
Is 151579 a prime number?
True
Is 1522643 a composite number?
False
Is 2410063 composite?
True
Is 74709839 a composite number?
False
Is 48560693 composite?
False
Is 23769793 composite?
True
Is 4652861 composite?
True
Is 72930211 composite?
False
Is 24819569 prime?
True
Is 309887 composite?
True
Is 809089 composite?
True
Is 37795591 composite?
True
Is 1855201 a composite number?
True
Is 2866517 prime?
False
Is 62231711 prime?
True
Is 14196563 prime?
False
Is 2248117 prime?
True
Is 1556083 prime?
True
Is 556021 prime?
True
Is 181261 a prime number?
False
Is 4697411 composite?
True
Is 4840807 composite?
True
Is 706661 a composite number?
False
Is 159025483 a prime number?
False
Is 6810497 a prime number?
True
Is 56895893 prime?
True
Is 1283411 composite?
True
Is 28099867 a composite number?
True
Is 24417493 prime?
True
Is 26688533 composite?
True
Is 145043 a composite number?
False
Is 201287971 a prime number?
False
Is 13991539 a composite number?
True
Is 117197023 composite?
False
Is 9384797 a composite number?
False
Is 256004269 prime?
False
Is 48525